on factor of y and 273?
39
Let n(d) = -d**3 + 11*d**2 + 25*d - 202. Let m be n(8). Calculate the greatest common factor of m and 38.
38
Suppose 0 = 13*f - 123*f + 4620. Suppose 0 = -s - 35 + 371. Calculate the greatest common factor of s and f.
42
Suppose -m + 12 = 48. Let x be 1/(-5)*(-19 + m). Calculate the greatest common factor of x and 99.
11
Suppose -3*v = -41 - 64. Let r be 3/(66/1184) - 6/(-33). Let k = r - 47. What is the highest common divisor of k and v?
7
Let h be (1 - (-1 - 0))*11. Suppose 22 = -20*r + h*r. What is the greatest common factor of r and 99?
11
Suppose -4*i + 21 - 37 = 0. Let k be 1/(-3)*(-12)/i*-3. What is the highest common divisor of 24 and k?
3
Let c = 153 + -97. Let k(y) = 9*y**2 - 4. Let q be k(4). Calculate the highest common divisor of q and c.
28
Let l(n) = n**2 + 9*n + 14. Let g be l(-8). Suppose -71 = -2*q + 5*s, -2*q + s - 29 = -120. What is the greatest common divisor of q and g?
6
Let z be (-4)/6 - (-3)/(9/194). What is the greatest common divisor of z and 2?
2
Suppose 4*c - 15 = -c. Suppose 2*w - 4*m - 30 - 46 = 0, 5*w + c*m - 255 = 0. Calculate the greatest common divisor of w and 72.
24
Suppose 4*a + 16*v = 19*v + 134, a - 28 = -2*v. What is the highest common divisor of 16 and a?
16
Suppose 2*k - 9 = -4*l + 1, -4*l - 11 = -5*k. Let z be k/2*(-336)/27*-3. Calculate the highest common factor of z and 7.
7
Let r(b) = -b**2 - 11*b + 27. Let o be r(-13). What is the highest common factor of 5 and o?
1
Suppose -5*g + 6 = -4. Suppose -v + 163 = g*h, -4*v - 85 - 154 = -3*h. What is the greatest common factor of h and 9?
9
Let m be (-3)/(-12) + (-22)/(-8). Suppose -m*y + 96 = -240. Let i = 1061 - 1033. Calculate the highest common divisor of i and y.
28
Let j(q) = -q**3 - 7*q**2 + 7*q + 4. Let c be j(-7). Let f = -24 - c. Let v be 5/(5/f) + -2. Calculate the greatest common factor of 76 and v.
19
Suppose 2*n - 16 = 3*m, 0*n + 2*n - 12 = 2*m. Let p be (-5 - (-8 - m))*-55. Let g = -27 + 49. What is the greatest common factor of g and p?
11
Suppose 5*a = -2*a - 175. Let g = a + 43. Calculate the greatest common divisor of g and 72.
18
Let y = -227 + 513. Let b = 394 - 368. Calculate the highest common factor of y and b.
26
Let j = 18 - -14. Let m = -6 + j. Calculate the highest common factor of 65 and m.
13
Let h(w) = w**3 + w**2 - w + 41. Let a be h(0). Let s = a + -19. Suppose -4*u + 109 = -111. Calculate the greatest common divisor of s and u.
11
Suppose 3*h = 3*i + 18, -2*h + 13 = 5*i - 6. Suppose 0*b - 84 = -h*b. Calculate the greatest common factor of b and 3.
3
Let r = -205 + 422. What is the highest common factor of r and 7?
7
Let p(g) = 2*g**2 + 4*g + 2. Let n be p(-2). Suppose -2*s + 5*i + 148 = 0, -3*s + n*s + 72 = -2*i. Calculate the greatest common factor of s and 160.
32
Let f be 84/(10/(-4) + -2 + 6). Suppose -3*t + n = -26, -3*n - 14 + f = 3*t. Calculate the greatest common divisor of t and 4.
2
Let x be (-1)/(-4) - 54/(-8). Let d(p) = p - 11. Let i be d(x). Let u be (6/i)/(12/(-64)). What is the greatest common divisor of u and 16?
8
Let r = 36 + -4. Let f be (2 + 0 - 6) + r. Suppose 0 = -4*a + a + 210. What is the greatest common factor of f and a?
14
Suppose d - 10 = r, 0 = 5*d - r - 30. Suppose -5*t + 0 = d. Let k(n) = -2*n**3 + 2*n + 1. Let q be k(t). Calculate the highest common factor of 7 and q.
1
Let s be 3 - (0/(-2) - 3). Let u be (216/10)/(8/20). What is the highest common factor of s and u?
6
Let u = 43 + -28. Let d be (-1 - 2)/((15/(-10))/(-1)). Let m be -2*(15/d)/1. Calculate the greatest common divisor of m and u.
15
Suppose 5*f - 18 = 2*l + 58, 0 = -3*f + 5*l + 57. Let g = 37 - 16. Let h = g + 35. Calculate the greatest common factor of f and h.
14
Let r(m) = -3*m**2 + 64*m + 194. Let s be r(24). Suppose 0 = 2*k - 0*k - 6. Suppose -k = x - 9. What is the greatest common divisor of x and s?
2
Let a be (-4)/14 - 60/(-210). Suppose a = 4*v + 5*d - 194, -5*v = -6*v - 3*d + 45. What is the highest common divisor of v and 17?
17
Suppose m - 108 = -5*m. Let z be 168/m*(-18)/(-4). What is the highest common factor of z and 6?
6
Let x(t) = 0*t**2 + 5*t**2 - 3*t**3 + 2*t - 7*t**2 + 4*t**2. Let b be x(-2). Calculate the greatest common factor of 42 and b.
14
Let g be 1 + 5/(-3) + 26/39. Suppose -4*f - 4*d = -20, 6*f - 21 = f - d. Suppose 5*q - 7*q + f = g. What is the highest common factor of q and 18?
2
Let k(b) = b**3 - 8*b**2 - 6*b - 3. Let d be k(9). Let h be d/6 - (-21 - 0). What is the greatest common divisor of h and 100?
25
Let p(o) = -2*o**3 - 3*o**2 - 3*o + 2. Let m be p(-3). Let l = 7117 - 7060. Calculate the greatest common factor of l and m.
19
Let y be (-1)/2 - (-2)/4. Suppose 3*q = 5*f - y*q - 1542, -3*q = 12. Let u = -196 + f. Calculate the greatest common divisor of 10 and u.
10
Let a be (-93)/1 + -1 - 2. Let y = a - -189. Calculate the greatest common divisor of y and 62.
31
Suppose 0 = -x + 1 + 4. Suppose -x*w = 3*z - 409, -2*w + 146 = 4*z - 26. Calculate the greatest common factor of 20 and w.
20
Suppose 5*x = 3*n - 337, 4*n + 98 = -x + 509. Calculate the greatest common factor of n and 1144.
104
Suppose -640 = c + 5*r - 52, 2288 = -4*c - 4*r. Let b = -365 - c. Let t(a) = 5*a**3 - 3*a**2 + 1. Let m be t(2). What is the highest common factor of m and b?
29
Suppose 7*z - 23*z = -1344. Calculate the greatest common divisor of z and 945.
21
Let s(l) be the third derivative of l**6/60 - 11*l**5/60 - l**4/24 - l**3 + 5*l**2. Let b be s(6). What is the greatest common factor of 6 and b?
6
Let n be (2 - 3)/(-2 + 3). Let v be (9 + -33)/(n/1). Calculate the highest common divisor of v and 8.
8
Let k = -439 + 453. Let a(q) = 37*q + 1. Let y be a(3). What is the highest common divisor of y and k?
14
Let c(t) = 7*t**3 + 3*t - 5. Let n be c(2). Calculate the highest common factor of 361 and n.
19
Let a be 20*((-16)/(-36) - 3/(-54)). What is the highest common divisor of 95 and a?
5
Let x = -222 + 409. What is the highest common divisor of x and 11?
11
Suppose -47*m = -56*m + 36. What is the highest common divisor of 192 and m?
4
Suppose -101*z + 4106 = 672. Suppose 117 = 3*f - 5*k, -2 - 1 = k. Calculate the greatest common divisor of z and f.
34
Let i(v) = v + 2. Let c be i(0). Suppose 0 = -2*t + 16 + c. Calculate the greatest common divisor of 6 and t.
3
Let b = 76 + -73. Suppose -108 = -b*k + 96. Suppose -4*q - j = -0*j - 66, 5*j = 3*q - 61. What is the greatest common factor of q and k?
17
Let d = -483 - -1165. Calculate the highest common divisor of d and 22.
22
Let i = 936 - 817. Calculate the greatest common factor of i and 14.
7
Suppose -3*n - 6*n = -261. Let q = 206 - 177. Calculate the greatest common divisor of n and q.
29
Let b(s) = -s - 1. Let l be b(-3). Let w be (1 - -1)*1/l. Let r be (4/26 - 0/(-35))*13. Calculate the highest common divisor of w and r.
1
Let v(h) = 17*h + 2. Let w = 18 + -14. Let i be v(w). Suppose 0 = -5*l + 2*l + 5*o + i, 0 = l - 3*o - 30. What is the greatest common divisor of 15 and l?
15
Let g = -62 + 63. Let r(x) = 159*x**3 + x**2. Let j be r(g). Calculate the highest common divisor of 32 and j.
32
Let u(c) = 3*c**2 + 43*c + 51. Let w be u(-20). Calculate the highest common factor of 115 and w.
23
Let a(p) = -15*p - 38. Let g be a(-17). Let c = g - 152. Calculate the greatest common divisor of c and 13.
13
Let g be (-3)/15*-34*5. Suppose -g = 5*f + 41. Let k = f + 16. Calculate the greatest common factor of k and 2.
1
Let n be -1*3/3*25. Let b = -16 - n. Calculate the greatest common factor of 1 and b.
1
Suppose -4 + 8 = b + 2*g, 0 = 5*g - 10. Suppose 2*a + b = -4. Let r be a/3*1*-6. What is the highest common divisor of 20 and r?
4
Let n(l) be the third derivative of l**5/60 - l**3/6 + 5*l**2. Let s be n(-2). Let r = 7 + s. What is the highest common divisor of 2 and r?
2
Let i = 1 - -53. Let m = 11 + 7. Let t = i - m. Calculate the highest common factor of t and 24.
12
Let o(n) = n**2 - 24*n - 10. Let k be o(26). What is the greatest common factor of 189 and k?
21
Let t be 21/42*(-11 + 2)*-34. Calculate the highest common divisor of 255 and t.
51
Let d = -6 - -9. Suppose 224 = 2*v + 5*q, d*v + 448 = 7*v + 3*q. Calculate the greatest common factor of 14 and v.
14
Let w = -1770 + 2210. Calculate the highest common divisor of w and 40.
40
Suppo